t is the hundred thousands digit of 561708?
5
What is the hundred thousands digit of 383484?
3
What is the units digit of 696238?
8
What is the units digit of 4729254?
4
What is the hundred thousands digit of 7806586?
8
What is the ten thousands digit of 15086?
1
What is the units digit of 1366742?
2
What is the tens digit of 343085?
8
What is the hundreds digit of 14855288?
2
What is the thousands digit of 232983?
2
What is the units digit of 1180013?
3
What is the millions digit of 27765732?
7
What is the thousands digit of 3439836?
9
What is the units digit of 911597?
7
What is the units digit of 286042?
2
What is the ten thousands digit of 11446781?
4
What is the hundreds digit of 2006650?
6
What is the thousands digit of 67453?
7
What is the tens digit of 45121?
2
What is the thousands digit of 83902?
3
What is the units digit of 7599?
9
What is the hundreds digit of 509766?
7
What is the ten thousands digit of 28033?
2
What is the thousands digit of 84510?
4
What is the tens digit of 44502118?
1
What is the hundreds digit of 1769929?
9
What is the units digit of 415594?
4
What is the hundreds digit of 112096?
0
What is the ten thousands digit of 3869753?
6
What is the tens digit of 31760216?
1
What is the hundreds digit of 2782082?
0
What is the units digit of 22906435?
5
What is the units digit of 1747289?
9
What is the hundreds digit of 9717417?
4
What is the tens digit of 1297799?
9
What is the hundred thousands digit of 4386808?
3
What is the hundreds digit of 796319?
3
What is the hundred thousands digit of 3925275?
9
What is the millions digit of 13225145?
3
What is the hundred thousands digit of 6459745?
4
What is the tens digit of 293573?
7
What is the thousands digit of 1648897?
8
What is the hundred thousands digit of 1050143?
0
What is the units digit of 88916?
6
What is the units digit of 480146?
6
What is the units digit of 151685?
5
What is the tens digit of 4430461?
6
What is the units digit of 365243?
3
What is the hundreds digit of 16367306?
3
What is the hundred thousands digit of 21604572?
6
What is the hundred thousands digit of 3331504?
3
What is the units digit of 105306?
6
What is the units digit of 3787790?
0
What is the hundreds digit of 32216?
2
What is the tens digit of 1248308?
0
What is the hundreds digit of 608377?
3
What is the tens digit of 2545154?
5
What is the thousands digit of 230288?
0
What is the thousands digit of 69346?
9
What is the thousands digit of 173161?
3
What is the thousands digit of 153213?
3
What is the units digit of 3488763?
3
What is the thousands digit of 218028?
8
What is the hundreds digit of 849442?
4
What is the hundreds digit of 3263632?
6
What is the units digit of 7357643?
3
What is the millions digit of 7854930?
7
What is the ten thousands digit of 567258?
6
What is the tens digit of 261118?
1
What is the thousands digit of 135629?
5
What is the ten thousands digit of 359696?
5
What is the hundred thousands digit of 8096362?
0
What is the hundred thousands digit of 1993055?
9
What is the millions digit of 3588743?
3
What is the thousands digit of 638029?
8
What is the hundreds digit of 398368?
3
What is the hundreds digit of 4293940?
9
What is the ten thousands digit of 172275?
7
What is the hundred thousands digit of 2567080?
5
What is the hundred thousands digit of 272166?
2
What is the ten thousands digit of 26934858?
3
What is the tens digit of 331597?
9
What is the millions digit of 2988510?
2
What is the hundreds digit of 8532086?
0
What is the millions digit of 8078545?
8
What is the ten thousands digit of 234307?
3
What is the thousands digit of 53920?
3
What is the units digit of 1605636?
6
What is the hundreds digit of 2351338?
3
What is the hundred thousands digit of 177787?
1
What is the ten millions digit of 16284682?
1
What is the hundreds digit of 882604?
6
What is the ten thousands digit of 401526?
0
What is the tens digit of 2763790?
9
What is the hundreds digit of 20128164?
1
What is the thousands digit of 40577?
0
What is the hundred thousands digit of 202441?
2
What is the hundreds digit of 16899368?
3
What is the hundreds digit of 218252?
2
What is the hundreds digit of 159478?
4
What is the hundreds digit of 543522?
5
What is the thousands digit of 3539359?
9
What is the millions digit of 1491118?
1
What is the hundreds digit of 2529131?
1
What is the hundreds digit of 137205?
2
What is the thousands digit of 9864793?
4
What is the ten thousands digit of 1526960?
2
What is the thousands digit of 230819?
0
What is the hundreds digit of 544794?
7
What is the units digit of 297440?
0
What is the hundreds digit of 123450?
4
What is the units digit of 8288506?
6
What is the ten thousands digit of 6222993?
2
What is the hundreds digit of 2203677?
6
What is the thousands digit of 2284288?
4
What is the hundred thousands digit of 6900040?
9
What is the ten thousands digit of 625994?
2
What is the hundreds digit of 9845832?
8
What is the ten millions digit of 25373463?
2
What is the hundreds digit of 2876020?
0
What is the tens digit of 394543?
4
What is the hundred thousands digit of 569895?
5
What is the millions digit of 6538069?
6
What is the units digit of 3031742?
2
What is the hundreds digit of 273735?
7
What is the tens digit of 40275?
7
What is the hundred thousands digit of 791372?
7
What is the hundred thousands digit of 462247?
4
What is the tens digit of 16325007?
0
What is the units digit of 1039362?
2
What is the millions digit of 3877385?
3
What is the thousands digit of 543411?
3
What is the units digit of 17601058?
8
What is the thousands digit of 1783343?
3
What is the ten thousands digit of 742892?
4
What is the ten millions digit of 12712163?
1
What is the hundreds digit of 868340?
3
What is the thousands digit of 573348?
3
What is the millions digit of 1007888?
1
What is the ten thousands digit of 67945?
6
What is the units digit of 2610834?
4
What is the hundred thousands digit of 250947?
2
What is the hundred thousands digit of 339715?
3
What is the millions digit of 3782628?
3
What is the hundred thousands digit of 9201111?
2
What is the hundred thousands digit of 38159951?
1
What is the ten millions digit of 14112586?
1
What is the tens digit of 405477?
7
What is the tens digit of 9818?
1
What is the hundreds digit of 2217360?
3
What is the hundreds digit of 455560?
5
What is the ten thousands digit of 15405425?
0
What is the units digit of 557497?
7
What is the tens digit of 198191?
9
What is the thousands digit of 516466?
6
What is the tens digit of 22889233?
3
What is the tens digit of 226258?
5
What is the tens digit of 2542974?
7
What is the thousands digit of 13706?
3
What is the hundred thousands digit of 1038658?
0
What is the hundreds digit of 377717?
7
What is the ten thousands digit of 581044?
8
What is the units digit of 3335210?
0
What is the hundred thousands digit of 271524?
2
What is the hundred thousands digit of 15300537?
3
What is the hundreds digit of 172803?
8
What is the ten thousands digit of 182645?
8
What is the millions digit of 1047906?
1
What is the thousands digit of 5055?
5
What is the units digit of 51047?
7
What is the ten thousands digit of 333152?
3
What is the ten thousands digit of 9514624?
1
What is the thousands digit of 851610?
1
What is the thousands digit of 1839028?
9
What is the tens digit of 389411?
1
What is the thousands digit of 812564?
2
What is the units digit of 1678516?
6
What is the hundred thousands digit of 1435711?
4
What is the hundreds digit of 3079376?
3
What is the hundreds digit of 143101?
1
What is the millions digit of 12478742?
2
What is the thousands digit of 190241?
0
What is the hundreds digit of 460707?
7
What is the thousands digit of 2457927?
7
What is the hundreds digit of 18674?
6
What is the hundreds digit of 1599264?
2
What is the ten millions digit of 34537213?
3
What is the units digit of 156802?
2
What is the hundreds digit of 9452876?
8
What is the tens digit of 1061674?
7
What is the hundreds digit of 8181?
1
What is the millions digit of 15172698?
5
What is the units digit of 9402498?
8
What is the hundreds digit of 302145?
1
What is the units digit of 5473856?
6
What is the thousands digit of 1145905?
5
What is the units digit of 182176?
6
What is the h